et z be 4/(8/6) - 3. Suppose 2*y = -6, 4*f - y - 99 = -z*f. What are the prime factors of f?
2, 3
Suppose 27*b = 32*b - 4*u - 2280, -2*b - 4*u = -884. What are the prime factors of b?
2, 113
Let d(v) be the second derivative of 7*v**3/3 + v**2 + 2*v. Let x be ((-45)/35 - -1)/(1/(-7)). What are the prime factors of d(x)?
2, 3, 5
Suppose -p = -3*n - 150, -5*p + 6*n + 720 = n. List the prime factors of p.
3, 47
Suppose 15*f - 10*f = 270. Suppose -f + 192 = 2*j. What are the prime factors of j?
3, 23
Let c = 53 + -65. Let w(j) = -9*j + 10. What are the prime factors of w(c)?
2, 59
Let m(k) = -3*k - 2. Let w(y) = -2*y - 1. Let x(g) = -3*m(g) + 4*w(g). Let o be x(-2). Suppose o = -j - j + 22. What are the prime factors of j?
11
Let r(f) = 3106*f**3 + 12*f**2 - 12*f - 1. What are the prime factors of r(1)?
3, 5, 23
Suppose 4*c - 4160 = -0*c. Suppose 8*l = 13*l - c. What are the prime factors of l?
2, 13
Let w(h) be the second derivative of -h**4/12 - h**3/3 + h**2/2 + 5*h. Let o be w(3). Let j = 35 + o. What are the prime factors of j?
3, 7
Let f = 850 - 435. What are the prime factors of f?
5, 83
Let y = -8 - -2. Let r be (-3)/(-4 - 69/(-18)). What are the prime factors of (24/r)/((-4)/y)?
2
Suppose 25 = 2*g - 3. Suppose 1579 + 535 = g*m. What are the prime factors of m?
151
Suppose v + 665 = 2*l, 0*v = -l - 2*v + 335. Suppose 0 = -3*j + 2*j - 3*h + 111, -h + l = 3*j. List the prime factors of j.
3, 37
Let i(p) = 2*p**3 - 4*p**2 - 10*p - 7. What are the prime factors of i(6)?
13, 17
Suppose x + 2*x + 3*a - 6 = 0, -x + 4*a = -7. Suppose x*k = -k - 188. Let l = -30 - k. List the prime factors of l.
17
Let g = -17 - -23. Let o = 17 - g. What are the prime factors of (-64 - o)*2/(-6)?
5
Suppose 5*o = p + 9967, 19*o = 16*o - 2*p + 5975. What are the prime factors of o?
1993
Let y(m) = m**3 - 8*m**2 + 3*m + 8. Let i be y(7). Let c be ((-2)/(-4))/((-2)/i). Suppose -c*f - q = 5 - 185, -115 = -3*f - 2*q. List the prime factors of f.
5, 7
Suppose 5*a = 9*a - 8. Suppose 3*q - 2 = d - 1, 0 = 4*d + a*q - 10. What are the prime factors of (48/(-64))/(d/(-56))?
3, 7
Suppose 7769 = 3*i - q - 744, 2*i - 5662 = 4*q. What are the prime factors of i?
17, 167
Let k(o) = -o + 12. Let x be k(14). Let t = -4 + x. Let b = t - -14. What are the prime factors of b?
2
Let h be 2/2 - (-1 - -4). Let i(c) = -c**3 - c**2 - 3*c - 4. List the prime factors of i(h).
2, 3
What are the prime factors of 8 - (-187)/(-22) - 9975/(-6)?
2, 3, 277
Suppose 4*o = 2*c - 44, 6*c - c - 68 = -4*o. What are the prime factors of c?
2
Let g(l) be the second derivative of -l**5/20 - 5*l**4/12 + l**3/2 - 13*l**2/2 - 6*l. Let u be g(-6). Suppose u*w - 123 = -3. What are the prime factors of w?
2, 3
Let s(m) = -m**3 + 20*m**2 + 46*m - 7. List the prime factors of s(22).
37
Let w be 154/6 + 26/(-39). Suppose -2*n + 7*n = w. Suppose -n*x = -9*x + 76. What are the prime factors of x?
19
Suppose -2*d + b - 9 + 77 = 0, -5*b = 0. Suppose -d = -w + 3. What are the prime factors of w?
37
Let y(z) = -1 + 16*z + 12*z - 5*z. Let r = 40 + -39. What are the prime factors of y(r)?
2, 11
Let t(m) = -m**2 - 16*m - 50. Let f be t(-10). Suppose 4*s = 3*n + 954, -f = 7*n - 2*n. List the prime factors of s.
3, 79
Let b(u) = 186*u - 176. What are the prime factors of b(14)?
2, 607
Suppose 0 = 3*w - 16 - 50. Let t = w + -14. List the prime factors of t.
2
Suppose -11*r = -7*r - 2*w - 5818, -5*r = 3*w - 7256. What are the prime factors of r?
1453
Let o(p) = p**2 - 6*p + 7. Let a be o(7). What are the prime factors of 804/a + 51/(-119)?
3, 19
Let c be (-5 - 12/(-2))/((-1)/(-9)). What are the prime factors of (1 + 72)*(c - 8)?
73
Let d(u) = -u. Let s be d(-4). What are the prime factors of 195/10*s + 3?
3
Let s(q) = -119*q - 2 + 4 + 33*q. Let m be s(-1). Suppose 3*u = 2*o - 31, 5*o + 4*u - u - m = 0. List the prime factors of o.
17
Let y be ((-35)/14)/(1/(-14)). Let m = y - 31. Suppose -m*z + 4*v + 229 - 29 = 0, -2*z = 5*v - 79. List the prime factors of z.
47
Let h(o) = 3*o**2 + o. Suppose r - 3*k - 6 + 20 = 0, 2*r = -k + 7. Let p be h(r). List the prime factors of p - (4/(-2))/2.
5
Suppose 0 = -5*o + 6*o - 5. Suppose 0 = 3*d + o*l - 126 - 245, 5*d = -3*l + 613. What are the prime factors of d?
2, 61
Suppose 13 = -2*b - 5*m, 3*m = 2*b + 3*b - 14. Let j(r) = 3*r**2 - 9*r - 2. Let q(y) = y**2 + y. Let s(o) = b*j(o) + 4*q(o). List the prime factors of s(3).
2, 23
Let k(z) = 5*z + 59. Let s be k(-12). Let l(y) = -65*y - 1 - 1 + 21*y. What are the prime factors of l(s)?
2, 3, 7
Let k(g) = -35*g + 209. What are the prime factors of k(-14)?
3, 233
What are the prime factors of (-283)/((-154)/21 - -7)?
3, 283
Suppose -x - 4*m = -10, 4*x = 4*m - 9*m + 29. Suppose -u + x*u = 0. Suppose 3*k - 2*k - 3 = u. What are the prime factors of k?
3
Let k(y) = -53*y - 1. What are the prime factors of k(-5)?
2, 3, 11
Let o(r) = 5*r**3 - 2*r**2 - 3*r - 11. Let p(v) = -11*v**3 + 5*v**2 + 7*v + 23. Let k(t) = 9*o(t) + 4*p(t). What are the prime factors of k(4)?
3, 31
Let n(a) = a**2 - 5*a. Let l(q) = -q - 1. Let h(b) = -l(b) + n(b). Suppose -2*j = 18*j + 100. List the prime factors of h(j).
2, 23
What are the prime factors of 2 + 0 + (157 + 6)*3?
491
Let o = -243 - -295. List the prime factors of o.
2, 13
Let u(p) = 218*p - 39. List the prime factors of u(6).
3, 47
Let v(y) = 2*y**2 - y**2 + 6*y**2 - 2*y - 4*y**2 + 1. Let j be v(1). What are the prime factors of 29 + (j*-2)/(-2)?
31
Let h be ((-2)/(-3))/(4/(-36))*-24. Suppose h - 814 = -10*v. What are the prime factors of v?
67
List the prime factors of 2 + -1 + (-11)/((-44)/1448).
3, 11
Suppose 5*i + 3*a - 4*a = 26, 4*a - 1 = -i. Suppose -3*t = 2*t - 20. Suppose 3 = t*v - i. What are the prime factors of v?
2
Let q be ((-6)/4)/((-48)/(-64)). Let u be q - (-9)/((-9)/2). List the prime factors of u/((-16)/(-12)) + 59.
2, 7
What are the prime factors of 34359/104 - 6/16?
2, 3, 5, 11
Let t = 217 + -226. Let y be (-11 - 1)*6/(-9). Let x = y - t. What are the prime factors of x?
17
Suppose -5*o + 865 = 3*l, 2*o - 4*l = -0*l + 372. Suppose 0*y + o = y - 4*s, s = -5*y + 922. What are the prime factors of y?
2, 23
Let q = -45 + 122. Suppose -q*a - 216 = -83*a. What are the prime factors of a?
2, 3
Suppose -4*f - 225 = -f + 2*k, 5*f + 2*k + 375 = 0. Let j = f + 274. Suppose 0 = -5*b - 5*w + 180, -j + 65 = -4*b - 2*w. What are the prime factors of b?
31
Let q = -28 + 13. What are the prime factors of 3/q - 1023/(-15)?
2, 17
Let x = 482 + -205. List the prime factors of x.
277
Let b(h) = -5*h**3 + 3*h + 13*h**3 + 3 - 7*h**3 + 7*h**2. What are the prime factors of b(-5)?
2, 19
Let h(n) be the second derivative of 61*n**4/12 - n**3/6 + n**2/2 + 2*n. Let p be 9*1/7 + 18/(-63). List the prime factors of h(p).
61
Let q be 54/(-24) - (-1)/4. Let i = 2 - q. Suppose -3*p + i*u + 7 = 0, 5*p - 38 = -5*u - 3. List the prime factors of p.
5
Let r(a) = -3*a - 24. Let u be r(-7). Let g = u - -3. Suppose 483 = -g*y + 7*y. What are the prime factors of y?
3, 23
Let o(b) = 2*b**3 + 52*b**2 + 39*b + 38. What are the prime factors of o(-25)?
313
Suppose 0 = -4*u + 5*b + 5370, -26*u + 25*u + 5*b + 1350 = 0. List the prime factors of u.
2, 5, 67
Let d = -97 + 136. What are the prime factors of d?
3, 13
Let n(i) = -i + 5. Let a be n(2). Suppose 5*f + 3*h - 580 = f, -a*h + 12 = 0. What are the prime factors of f?
2, 71
Suppose 34992 = -20*v + 29*v. List the prime factors of v.
2, 3
Suppose 11 = -s + 18. Suppose 0 = -s*w + w + 414. What are the prime factors of w?
3, 23
Let o(l) = 5*l + 7. Let s(v) = 11*v + 15. Let a(r) = 13*o(r) - 6*s(r). Let d be a(-3). Suppose 2*b + d - 60 = 0. List the prime factors of b.
2, 7
Suppose 3*i - 4*t = -t + 24, -5*t = -i + 28. Suppose 4*s = q - 5, 0 = -i*s - 5*q + 9*q + 6. List the prime factors of (-16)/12*33/s.
2, 11
Let y be 3/15*267 + (-2)/5. Suppose 0 = -k - y + 70. List the prime factors of k.
17
Let b(q) = -q**2 + 16*q - 11. Let k be b(15). Suppose 4*i - 4 = 0, -k*t + i + 198 = -i. List the prime factors of t.
2, 5
Let u = 100 + -23. Suppose -u = -t + 2*x, 2*x = -4*t + 3*x + 280. List the prime factors of t.
3, 23
Let j(y) = y**2 - 2*y + 1. Let q be j(3). Let n be ((-33)/22)/((3/6)/(-1)). List the prime factors of n + -8 + q + 72.
71
Let f(k) = -k - 12. Let m be f(-14). Suppose m*x - 17 - 23 =